ided by 27.
11
Calculate the remainder when 1305 is divided by 107.
21
Calculate the remainder when 29477 is divided by 22.
19
What is the remainder when 105 is divided by 9?
6
Calculate the remainder when 244 is divided by 3.
1
Calculate the remainder when 569 is divided by 279.
11
What is the remainder when 385 is divided by 43?
41
Calculate the remainder when 188 is divided by 57.
17
Calculate the remainder when 542 is divided by 538.
4
Calculate the remainder when 245 is divided by 62.
59
What is the remainder when 177 is divided by 91?
86
Calculate the remainder when 742 is divided by 6.
4
Calculate the remainder when 441 is divided by 17.
16
Calculate the remainder when 3409 is divided by 1132.
13
Calculate the remainder when 62 is divided by 4.
2
What is the remainder when 221 is divided by 128?
93
Calculate the remainder when 694 is divided by 85.
14
What is the remainder when 50 is divided by 24?
2
Calculate the remainder when 7529 is divided by 55.
49
What is the remainder when 46 is divided by 30?
16
What is the remainder when 359 is divided by 45?
44
What is the remainder when 380 is divided by 211?
169
Calculate the remainder when 32175 is divided by 173.
170
Calculate the remainder when 98 is divided by 6.
2
What is the remainder when 144 is divided by 43?
15
What is the remainder when 190 is divided by 35?
15
What is the remainder when 1813 is divided by 368?
341
Calculate the remainder when 369 is divided by 84.
33
What is the remainder when 252 is divided by 111?
30
What is the remainder when 614 is divided by 30?
14
What is the remainder when 1078 is divided by 30?
28
Calculate the remainder when 1847 is divided by 68.
11
Calculate the remainder when 357 is divided by 19.
15
Calculate the remainder when 31 is divided by 16.
15
Calculate the remainder when 1352 is divided by 41.
40
Calculate the remainder when 1666 is divided by 326.
36
Calculate the remainder when 171 is divided by 59.
53
What is the remainder when 77 is divided by 29?
19
What is the remainder when 160 is divided by 54?
52
Calculate the remainder when 1377 is divided by 101.
64
Calculate the remainder when 98 is divided by 54.
44
What is the remainder when 493 is divided by 38?
37
What is the remainder when 127 is divided by 11?
6
Calculate the remainder when 353 is divided by 17.
13
What is the remainder when 2369 is divided by 197?
5
What is the remainder when 789 is divided by 157?
4
Calculate the remainder when 340 is divided by 160.
20
Calculate the remainder when 1609 is divided by 2.
1
Calculate the remainder when 5197 is divided by 46.
45
Calculate the remainder when 165 is divided by 46.
27
What is the remainder when 13467 is divided by 14?
13
What is the remainder when 316 is divided by 29?
26
Calculate the remainder when 21447 is divided by 165.
162
What is the remainder when 482 is divided by 4?
2
Calculate the remainder when 1182 is divided by 119.
111
Calculate the remainder when 32 is divided by 3.
2
What is the remainder when 5607 is divided by 30?
27
Calculate the remainder when 69 is divided by 5.
4
Calculate the remainder when 62 is divided by 24.
14
Calculate the remainder when 174 is divided by 30.
24
Calculate the remainder when 201 is divided by 80.
41
What is the remainder when 358 is divided by 24?
22
Calculate the remainder when 218 is divided by 29.
15
Calculate the remainder when 537 is divided by 130.
17
What is the remainder when 1163 is divided by 236?
219
Calculate the remainder when 361 is divided by 116.
13
Calculate the remainder when 52 is divided by 14.
10
Calculate the remainder when 81 is divided by 32.
17
What is the remainder when 158 is divided by 18?
14
Calculate the remainder when 105 is divided by 55.
50
Calculate the remainder when 899 is divided by 17.
15
Calculate the remainder when 24 is divided by 7.
3
What is the remainder when 308 is divided by 210?
98
Calculate the remainder when 920 is divided by 24.
8
Calculate the remainder when 131 is divided by 41.
8
What is the remainder when 354 is divided by 71?
70
Calculate the remainder when 2087 is divided by 415.
12
Calculate the remainder when 5727 is divided by 179.
178
What is the remainder when 4 is divided by 4?
0
What is the remainder when 446 is divided by 18?
14
What is the remainder when 4105 is divided by 10?
5
What is the remainder when 876 is divided by 253?
117
Calculate the remainder when 109 is divided by 22.
21
Calculate the remainder when 42 is divided by 29.
13
What is the remainder when 811 is divided by 298?
215
Calculate the remainder when 126 is divided by 3.
0
What is the remainder when 1269 is divided by 85?
79
What is the remainder when 121 is divided by 32?
25
Calculate the remainder when 98 is divided by 79.
19
Calculate the remainder when 428 is divided by 108.
104
Calculate the remainder when 68 is divided by 41.
27
Calculate the remainder when 177 is divided by 5.
2
What is the remainder when 155 is divided by 40?
35
What is the remainder when 23 is divided by 6?
5
Calculate the remainder when 2728 is divided by 545.
3
Calculate the remainder when 1158 is divided by 304.
246
What is the remainder when 59 is divided by 34?
25
What is the remainder when 2285 is divided by 579?
548
Calculate the remainder when 1354 is divided by 23.
20
What is the remainder when 33 is divided by 11?
0
What is the remainder when 2848 is divided by 709?
12
What is the remainder when 414 is divided by 86?
70
Calculate the remainder when 118 is divided by 8.
6
What is the remainder when 161 is divided by 109?
52
Calculate the remainder when 79 is divided by 21.
16
Calculate the remainder when 168 is divided by 53.
9
Calculate the remainder when 494 is divided by 15.
14
Calculate the remainder when 89 is divided by 15.
14
Calculate the remainder when 54 is divided by 16.
6
What is the remainder when 3330 is divided by 416?
2
What is the remainder when 862 is divided by 79?
72
Calculate the remainder when 214 is divided by 61.
31
Calculate the remainder when 269 is divided by 45.
44
Calculate the remainder when 1647 is divided by 182.
9
Calculate the remainder when 87 is divided by 62.
25
What is the remainder when 182 is divided by 58?
8
Calculate the remainder when 46 is divided by 42.
4
Calculate the remainder when 8950 is divided by 24.
22
What is the remainder when 2053 is divided by 48?
37
Calculate the remainder when 505 is divided by 122.
17
What is the remainder when 130 is divided by 45?
40
Calculate the remainder when 37 is divided by 23.
14
What is the remainder when 298 is divided by 18?
10
Calculate the remainder when 96 is divided by 36.
24
What is the remainder when 400 is divided by 51?
43
Calculate the remainder when 1929 is divided by 10.
9
Calculate the remainder when 309 is divided by 10.
9
What is the remainder when 134 is divided by 84?
50
Calculate the remainder when 485 is divided by 153.
26
What is the remainder when 785 is divided by 67?
48
Calculate the remainder when 164 is divided by 27.
2
What is the remainder when 1446 is divided by 474?
24
Calculate the remainder when 313 is divided by 44.
5
Calculate the remainder when 544 is divided by 46.
38
Calculate the remainder when 123 is divided by 32.
27
Calculate the remainder when 314 is divided by 9.
8
What is the remainder when 1046 is divided by 137?
87
What is the remainder when 822 is divided by 17?
6
What is the remainder when 225 is divided by 33?
27
What is the remainder when 2966 is divided by 13?
2
Calculate the remainder when 57 is divided by 31.
26
What is the remainder when 461 is divided by 53?
37
Calculate the remainder when 555 is divided by 31.
28
What is the remainder when 219 is divided by 17?
15
What is the remainder when 85 is divided by 10?
5
Calculate the remainder when 47 is divided by 24.
23
Calculate the remainder when 110 is divided by 52.
6
What is the remainder when 2659 is divided by 242?
239
Calculate the remainder when 1030 is divided by 339.
13
What is the remainder when 3196 is divided by 37?
14
What is the remainder when 12591 is divided by 19?
13
Calculate the remainder when 560 is divided by 33.
32
Calculate the remainder when 2687 is divided by 207.
203
Calculate the remainder when 613 is divided by 2.
1
Calculate the remainder when 10610